f (-33)/(-2)*4948/3*(-68)/(-136)?
0
Let p(w) = 32 - 11 - 2*w - 30*w + 20*w**2 - 12 - 7. What is the tens digit of p(4)?
9
Let v be (-29)/(-1) + 1 + 18 + -17. Suppose -18 = -7*d + v. What is the units digit of (d - 6)/(2/494)?
7
Let y(t) = -2*t - 4. Let s be (8/10)/((-7)/35). Let b be y(s). Suppose 0 = -b*l + 5*l - 49. What is the units digit of l?
9
Let t(i) = -25*i - 22. Let c be t(-1). Suppose 0 = 4*w - 96 - 72. Suppose 4*k - w = c*k. What is the units digit of k?
2
Suppose w = 196 + 1009. Suppose 0*r = 5*i - 5*r - w, -3*r = 3*i - 693. What is the tens digit of 2/7 - i/(-7)?
3
Suppose 92 = -5*h + 3*h. Let g = -44 - h. What is the units digit of g - 3 - 45/(-9)?
4
Let g(p) = -85*p + 97. Let d(u) = -42*u + 48. Let l(r) = 5*d(r) - 3*g(r). What is the tens digit of l(13)?
3
Let l(a) = -a**2 + 10*a - 11. Let o be 3/(-7) - 1825/(-175). Let k be (-45)/o*(-12)/9. What is the tens digit of l(k)?
1
Suppose 2*f - 3992 = -1349 + 50961. What is the ten thousands digit of f?
2
Let g(v) = -9*v - 20. Let b be g(-3). Suppose -2*r - 5*l = -21, 0*r = -r + l + b. Suppose -r = -w + 2. What is the units digit of w?
0
Let q(y) = 81*y - 135. Let x be q(8). Suppose -o + x = 121. What is the units digit of o?
2
What is the units digit of (6/(-4))/(12/(-8)) + 2192 + -2?
1
Suppose -50*j = -0*j - 181950. What is the thousands digit of j?
3
Let r = -7936 + 29686. What is the thousands digit of r?
1
Suppose -4*o + 19 = -1. Suppose m - 164 = o*v - m, 0 = 5*v - 5*m + 155. What is the tens digit of (6 + -3)*v/(-3)?
3
What is the thousands digit of (11/(-9)*3)/(38/(-24852))?
2
Let y(h) = 1152*h**3 - 460*h**2 + 1836*h - 2. What is the tens digit of y(4)?
1
Let u = -757 + 782. Suppose -66 = -4*n + 494. Suppose -n = -w - u. What is the hundreds digit of w?
1
Let o be (11 - -2)*((-3)/(-3) - 0). Suppose 686 + 1329 = o*v. What is the hundreds digit of v?
1
Suppose 0 = 32*f - 35*f - y + 9201, -4*y = 4*f - 12260. What is the thousands digit of f?
3
Suppose -31*v - 39983 = -101673. Let f = -1406 + v. What is the hundreds digit of f?
5
Let k be ((-9)/90*-8)/((-4)/(-2390)). Suppose -4*y + 974 = -k. What is the tens digit of y?
6
Suppose -5*s = -c - 12, 3*s - 4 = -1. Let z(t) = -55*t - 4. What is the tens digit of z(c)?
8
Let g be (-10)/(-4)*(23 - 29). Let k(z) = -22*z + 2. What is the units digit of k(g)?
2
Let g(l) = -70*l - 90. Suppose 0*q - 3*q - 27 = -3*k, 0 = 2*q + 5*k - 17. What is the units digit of g(q)?
0
Suppose -3*o + 5*t + 48158 = 0, -2*t - 16052 = -83*o + 82*o. What is the hundreds digit of o?
0
Let j(b) = -6 + 0 - 6*b - 3*b**3 + 4*b**3 - 4*b - 12*b**2. Let w(h) = -h**3 + h**2 + h + 3. Let z be w(-2). What is the units digit of j(z)?
3
Let m(b) = -b - 1. Let i be m(-5). Suppose -g - 5*t = 22, -5*g + 3*t + i - 2 = 0. Let u(n) = 5*n**2 + 2*n + 4. What is the tens digit of u(g)?
2
Let i be (12/(-9))/((-3)/(-9)*-2). Suppose -2*g = 3*t - 2352, i*t = -0*t + 5*g + 1549. What is the units digit of t?
2
Let y(a) = 19919*a - 446. What is the units digit of y(1)?
3
Let c(f) = 3940*f + 135. What is the thousands digit of c(2)?
8
What is the tens digit of 6 + 5*8/(-10) + 22*87?
1
Suppose -2*w + 3*w + 2 = 0, 5*x - 2*w + 3371 = 0. Let q = 9 - x. What is the hundreds digit of q?
6
Let s = 26 + -41. Let j = s - -9. What is the units digit of (-2261)/(-21) + j/9?
7
Let v(p) = -p**2 - 5*p + 20. Let l(j) = 2*j**2 + 5*j - 19. Let h(b) = -4*l(b) - 3*v(b). Let s be h(-6). Let c = 104 - s. What is the tens digit of c?
3
Let k be 111/(-7)*(-49)/(-14)*-2. Let t = 169 + k. What is the units digit of (15/20)/(1/t)?
0
Let i be (10 - 5)*(-228)/(-60). Let f = 2343 + -1438. Suppose 4*r - 5*x = f, 0 = -3*x + 4 - i. What is the units digit of r?
0
Let j = -10942 - -20901. What is the hundreds digit of j?
9
Let t(g) = 2*g - 12. Let q be t(10). Suppose 0 = 5*d - q*d. Suppose d = 8*l - 6*l - 70. What is the tens digit of l?
3
Suppose f - 11 = -2*g - 0, -4*f = 5*g - 32. Let c(o) = o + o - 1 + 4 - g. What is the units digit of c(6)?
1
Let u(p) = -p**3 + p. Let s(m) = 3*m**3 - 3*m**2 + 7*m. Let a(b) = s(b) + 4*u(b). Let f be a(-5). What is the tens digit of ((-2)/f)/(-1*(-5)/525)?
4
Suppose -3*p = 4*v + 7, -p - 2*v = -3*v. What is the tens digit of (105/14)/(p/(-38))?
8
Let v = 7453 - -3169. What is the thousands digit of v?
0
Let h(t) be the second derivative of 1/3*t**3 - 25/2*t**2 - 7*t + 0. What is the units digit of h(17)?
9
What is the thousands digit of 17738/((-5)/(40/(-16)) + -1)?
7
Let i(o) = -o**3 - 50*o**2 - 939*o + 45. What is the units digit of i(-24)?
5
Let h = 11431 + -6144. What is the units digit of h?
7
What is the tens digit of (-6*(-1 + (-4)/(-6)))/((-204)/(-1335894))?
9
Let h(y) = y**3 - 13*y**2 + 9*y - 16. Let r be 3 + (5 - -3) + 2 - 0. What is the units digit of h(r)?
1
Suppose -25*w - 2*b = -26*w + 9394, -b - 46997 = -5*w. What is the units digit of w?
0
Suppose 0 = 416*t + 198910 - 874078. What is the tens digit of t?
2
Let z = -1915 + 3566. Let l = -669 + z. What is the hundreds digit of l?
9
Let j = 67 + -59. Suppose -777 = w - j*w. What is the units digit of 6*2/(18/w)?
4
Let m(b) = b**3 - 21*b**2 + 17*b - 39. Let j = -292 + 313. What is the tens digit of m(j)?
1
Let t = -3 + 6. Suppose t*v = -v + 5*r + 307, 2*v + 5*r = 161. Suppose -5*k + 27 + v = 0. What is the tens digit of k?
2
Suppose 124*p = 123*p. Suppose -9*i + 670 = -7*i + 3*s, p = 2*s - 8. What is the tens digit of i?
2
Let d be -2 + 18957/(-9) + (-10)/(-30). Let u = 3042 + d. What is the hundreds digit of u?
9
Let w = -49 - -50. Suppose q - w = 3. Suppose -5*g + 5*m + 245 = -350, q*m = 5*g - 592. What is the tens digit of g?
1
Let w = -100878 + 164274. What is the thousands digit of w?
3
Suppose 689*c = 691*c - 5*x - 91860, c = -3*x + 45963. What is the tens digit of c?
4
Let y = 24566 + 2959. What is the hundreds digit of y?
5
Suppose 0 = -2*l + 6, -4767 = -19*r + 18*r - 5*l. What is the units digit of r?
2
Suppose 40*h + 10*h - 131987 = -39*h. What is the thousands digit of h?
1
Suppose 16318 = 523*t - 521*t - 4*i, 4*t - 32640 = 4*i. What is the units digit of t?
1
Suppose 4 = -q + 10. Suppose a + 2*a = j + q, -a - 5*j + 2 = 0. Suppose 0 = -a*s + 3*u + 157, 4*s - 408 = u - 99. What is the tens digit of s?
7
Let n = 688 - 1186. Let s be n/4*4/18*-6. Suppose 4*p - s = -i, 3*i + p = 477 - 23. What is the hundreds digit of i?
1
Suppose -28*x = -34*x. Let d(q) = 6*q + 66. What is the tens digit of d(x)?
6
Suppose -5*j - 35363 = -4*g, -g + 4*j = -4283 - 4566. What is the thousands digit of g?
8
Let w = 148 - 146. Let f(y) = 112*y**2 + 3*y - 7. What is the units digit of f(w)?
7
Suppose 5*l - 2 = 3*l. Let i(n) = 7*n**3 + 7*n**2 + 15*n - 3. Let f(a) = a**3 - a**2 + a - 1. Let v(h) = l*i(h) - 6*f(h). What is the units digit of v(-12)?
9
Suppose -5*k - 31 = -6*k. Suppose -k - 1 = -8*a. Suppose 0 = -a*l + 286 - 50. What is the units digit of l?
9
Suppose 0 = 3*j + 3*m - 60735, 2*j - j - 20250 = 4*m. What is the tens digit of j?
4
Let g be (8/(-20))/((-2)/(-30)). What is the hundreds digit of (4 + -197)*g/9*3?
3
Let p be -1*1 - (6 + -8 - 3). Suppose 681 = 6*s - 5*s - 2*k, -3*k - 2714 = -p*s. What is the hundreds digit of s?
6
Let l = -37368 + 54050. What is the hundreds digit of l?
6
Let g = 1282 + -1920. Let u(n) = 896*n. Let k be u(1). Let q = k + g. What is the hundreds digit of q?
2
Let l = 29878 + -28079. What is the tens digit of l?
9
What is the tens digit of (-171)/133*7 - -50113?
0
Let q be 0*5/(-20) + (-1 - -2). Let m be ((252/(-35))/(-9))/(q/5). What is the units digit of 89 + m*(-2)/(-8)?
0
Suppose -12644*s = -12667*s + 48668. What is the tens digit of s?
1
Suppose -5*b + 35 = -4*b. Let u = -40 + b. What is the tens digit of (4/(-3))/(u/240)?
6
Suppose h + 7 - 2 = 2*w, 0 = -w + h + 3. Suppose -369 - 509 = -w*c. What is the hundreds digit of c?
4
Let d(h) = 1 + 49*h**2 + 359*h**3 - 49*h**2. Let x be d(1). Suppose -51 + 183 = 2*j - 4*g, -5*j + x = 5*g. What is the tens digit of j?
7
Let m = 27914 + -13964. What is the ten thousands digit of m?
1
Let f = 599 + -595. Suppose 5*u + 4*c - 1272 = 3*u, f*u = -2*c + 2520. What is the tens digit of u?
2
Let u(o) be the first derivative of -o**4/4 - 4*o**3 + 3*o**2 + 5*o - 6. Let n be u(-12). Let a = n - -145. What is the units digit of a?
8
Let c(o) = -28*o**3 - 11*o**2 + 128*